Let q(k) = k**3 + k**2 - k - 1. Let y(t) = -9*t**3 - 3*t**2 + 3*t + 2. Let l(p) = 3*q(p) + y(p). Calculate l(m).
5
Let d(m) = m**2 - 6*m - 13. Let x(u) = -u**3 - 15*u**2 - 3*u - 39. Let n be x(-15). Determine d(n).
-13
Let a be (-4 + -1 - 14)/(-1). Let x(q) = -2*q + 15 + 3*q - a. What is x(7)?
3
Suppose -102*h + 106*h + 14 = 2*x, -22 = 5*h - 4*x. Let g(q) = -2 - 2 + 3*q + 7. Give g(h).
-3
Let v(t) be the second derivative of 0 + 1/2*t**2 - 3*t - 1/3*t**3 - 1/4*t**4. Determine v(-2).
-7
Let z(u) be the third derivative of 0*u**3 - 31*u**2 + 1/60*u**5 + 0 + 0*u - 1/6*u**4. Determine z(3).
-3
Suppose -2*x + 14 = -2*h, 2*x + 6 = -h - h. Let y(p) = -p**2 - 3*p + 11. Calculate y(h).
1
Let u(b) = -3*b**3 - 5*b**2 + 10*b + 5. Let z(f) = -f**3 - 2*f + 2. Let t(h) = -u(h) + 2*z(h). Give t(-7).
-1
Suppose -4*c = -3*b + 18, -2*b + 2*c + 11 = -1. Suppose 0*k + 6 = -2*k, -q = k + b. Let y(u) = u**2 + 2*u + 2. What is y(q)?
5
Let u(r) be the second derivative of -r**3/6 - r**2 + 25*r. Let g be ((-15)/(-6))/(2/4). Let s be (g/10)/((-2)/16). Give u(s).
2
Let d(i) = -7*i**3 - 2*i**2 - 4*i - 3. Let z be 9 - 9 - 1*-2. Let p(j) = j**3 + j + 1. Let s(n) = z*p(n) + d(n). Determine s(-1).
4
Let y be ((-6)/(-9))/(2/21). Let c(d) = -2. Let x(f) be the first derivative of -f**2/2 + 4*f - 6. Let z(n) = y*c(n) + 4*x(n). What is z(2)?
-6
Let f(p) = -55*p + 486. Let o be f(9). Let l(i) = 2*i + 22. What is l(o)?
4
Let v(i) = 152*i**3 + 2*i**2 - 11. Let j(b) = -77*b**3 - b**2 + 6. Let f(m) = 11*j(m) + 6*v(m). What is f(-1)?
-64
Let k(b) = b - 9. Let p = -33 - -35. Suppose 10 = -5*g, -l + p*g = 2*l - 25. Calculate k(l).
-2
Let a(j) be the second derivative of j**5/120 + j**4/12 + 2*j**3 + 10*j. Let x(t) be the second derivative of a(t). Give x(4).
6
Let j(r) = -r**3 - 4*r**2 - 5*r - 5. Let f(y) = y**2 - 2*y**3 - 24*y - 9 - 9*y**2 + 15*y. Let a(u) = -3*f(u) + 5*j(u). Determine a(-3).
5
Let p(x) be the third derivative of -x**6/120 + 7*x**5/60 - 7*x**4/12 + 2*x**3/3 - 439*x**2. Calculate p(4).
-4
Let p be ((-2016)/(-39))/(-4) - (-59)/(-767). Let r(g) = -g**3 - 12*g**2 + 12*g - 7. Give r(p).
6
Let b(g) be the third derivative of g**5/40 + g**4/8 + 29*g**3/6 - 2*g**2. Let x(y) be the first derivative of b(y). Suppose -3*k - 2 = -2*k. Determine x(k).
-3
Let h be (2/8)/((-4)/(-48))*1. Let q(g) = -3*g**2 - 52 - g**3 + 2*g**h + 2*g + 25 + 23. Give q(3).
2
Suppose -4*r + 5*m + 48 + 31 = 0, -r + 1 = 5*m. Let t(b) = b - 17. Calculate t(r).
-1
Suppose 3*n - 5*d + 3*d - 15 = 0, n + 4*d + 9 = 0. Let u(h) be the first derivative of -n*h**2 + 1/3*h**3 + 1 + 3*h. Determine u(5).
-2
Let x = -1723 + 1713. Let s(j) = -j**2 - 13*j - 18. Calculate s(x).
12
Let d = -38 + 40. Let v(p) = p**3 - 6*p**2 + 0*p + 6*p**2 - 4*p**d + 4*p - 2. What is v(3)?
1
Let k(w) = 2*w**3 + 4*w**2 + 3*w. Let v be k(-2). Let c(s) = s - 8. What is c(v)?
-14
Let j(a) = 15*a + 5. Let c(g) = -13*g - 4. Let z(q) = -7*c(q) - 6*j(q). Calculate z(4).
2
Let o = -8 - -12. Let t(i) = 7 - 14 + 24 + 11*i. Let d(h) = -7*h - 11. Let z(g) = 8*d(g) + 5*t(g). Determine z(o).
-7
Let q(u) be the second derivative of u**3/6 - u**2 + 114*u. What is q(6)?
4
Suppose -g = -4, 3*o - 3*g = -8*g + 8. Let v be (o/(-5))/(12/(-90)). Let l(f) = -3*f + 4*f - 3*f - 8. Calculate l(v).
4
Let j(f) = -5*f. Suppose 5*h = 2*r + 7 + 3, -3*r - 2*h = -4. Suppose r*o = o - 2. Suppose -2 = o*d - 0*d. Calculate j(d).
5
Suppose -4*f = 3 + 9. Let o(y) = -y + 1 + 15*y - 30*y + 15*y. What is o(f)?
4
Let x(j) = -4*j + 7. Let b be 279/36 - 8 - 26/(-8). Suppose -4*l - 12 = 0, 4*q - 8 = 7*l - 3*l. Let s(m) = -m. Let k(n) = b*s(n) + q*x(n). What is k(6)?
-1
Let x = 2 - 4. Suppose -3*q - n = -2, -3*q + 0*q = 3*n + 6. Let i(l) = -q*l**2 - l - l + 5 - 5 + 2. What is i(x)?
-2
Let z(f) be the second derivative of -f**4/12 + f**3/2 + f**2/2 + 2*f. Suppose 15*r = 21*r - 18. What is z(r)?
1
Let x(l) = -l + 1. Let f = 760 - 754. What is x(f)?
-5
Let u be (-19)/(-4) - (-1)/4. Suppose -s + 3 = 3*l - 4*l, u*s + 3*l - 7 = 0. Let f(w) = -s*w + 0 + 0 - 2. Give f(2).
-6
Let n(r) = 2 - 7*r**2 + r**3 - 767*r - r**3 + 760*r - r**3. Determine n(-6).
8
Let i(o) = 5*o - 39. Let h be i(11). Suppose -12*a - 28 = -h*a. Let s(k) = k**2 - 7*k - 6. Determine s(a).
-6
Suppose d - 8 = -d. Let o be d/6*-6 + 2. Let t(m) = 3*m**2 + m + 2*m + 4 - 1 + m**3. Give t(o).
1
Let a(g) = 2*g**3 - g**2 + 3*g - 2. Let j(y) = 3*y**3 + 7*y**2 + 7*y - 5 - y**2 - 9*y**2. Let c(q) = -5*a(q) + 3*j(q). Determine c(-5).
-10
Let v(r) = -r**3 + 9*r**2 + 12*r - 8. Let p be v(10). Let q(g) = p*g - 6*g - 3 - 7*g. Calculate q(-7).
4
Let k = -373 - -373. Let u(g) = -g**2 - 2*g + 5. Calculate u(k).
5
Let d(f) = 7*f - 4. Suppose 297*u - 296*u - 8 = 0. Give d(u).
52
Let o(t) = -t**2 - 10*t - 7. Let z be (18/4)/(2/(-4)). Let v be o(z). Let c(f) = 8 + v*f - 8 + 4. Determine c(-5).
-6
Let k(j) = 58*j - 114*j + 57*j + 12*j**2 - 1. Determine k(1).
12
Let l(q) = q**3 + 8*q**2 + 6*q - 1. Suppose 3*h + 1 = 7. Let u(s) = 2*s**3 + 17*s**2 + 13*s - 1. Let x(c) = h*u(c) - 5*l(c). Determine x(-5).
-2
Let q(y) = -3*y**2 + 27*y - 44. Let d be q(2). Let t(j) be the third derivative of j**6/60 + j**5/30 - j**4/24 - j**2. What is t(d)?
-6
Let o(j) be the first derivative of j - 1/4*j**4 + 2/3*j**3 + 8 + 2*j**2. Calculate o(4).
-15
Let v(l) = l**2 + 2*l - 8. Let m(o) = 3*o**2 + 5*o - 19. Let p(f) = -3*m(f) + 7*v(f). Calculate p(-2).
-5
Let l(b) = -6*b - 2*b + b - b**2 + 9 - b + 5*b. Determine l(6).
-45
Let u = 6409 - 6403. Let h(y) = -5*y**2 - 5*y + 1. Let r(c) = 9*c**2 + 10*c - 3. Let b(q) = -11*h(q) - 6*r(q). Determine b(u).
13
Suppose -51 = 18*j + 21. Let d(g) = -g**3 - 2*g**2 + 4*g + 1. Give d(j).
17
Suppose 0 = 130*t - 142*t + 24. Let n(r) be the first derivative of 3/2*r**t - r - 3. What is n(3)?
8
Let p(x) = -x - 1. Let o(c) = 2*c + 5. Let u be 2/12*-3*(1 + 1). Let n(r) = u*p(r) - o(r). Give n(-4).
0
Let z(n) = 13 - 11 - 2*n + 6 + 8*n**2. Let l(c) = 8*c**2 - 2*c + 7. Let g(b) = -7*l(b) + 6*z(b). Let a be (2*-1)/(3 - 5). Calculate g(a).
-7
Let q(z) = z**2 + 6*z - 7. Let j = 230 - 237. What is q(j)?
0
Let q(w) = 4*w - 5. Let h(c) = -4*c + 4. Let t(y) = 5*h(y) + 4*q(y). Let f(z) = -5*z + 1. Let g(p) = 3*f(p) - 4*t(p). Give g(-5).
-2
Let v = 14 - 13. Let m(k) = 5*k**2 + k**3 + v - 23*k + 8*k + 7*k. Give m(-6).
13
Let t(x) = -8 - x**2 + 0*x - 8*x - 2. Let b be t(-5). Let f(j) = j + 7. Let s(o) = 2*o + 15. Let n(a) = -13*f(a) + 6*s(a). Calculate n(b).
-6
Suppose -4*y + 4 = -j - 3, -5*y = 2*j - 38. Let w be (-3)/j - (-51)/(-9). Let x(q) = 0*q - q**2 + 0*q - 7*q - 8. Give x(w).
-2
Let n(q) be the second derivative of 15*q + 1/6*q**3 + 4*q**2 + 0. Determine n(-6).
2
Let l(q) = q**2 - 4. Let u(n) = n - 5. Let w(g) = g**2 - 5*g + 19. Let d(t) = 9*u(t) + 2*w(t). Let j(r) = 4*d(r) - 7*l(r). Determine j(5).
5
Suppose 0 = q + 2*p + 2*p + 7, -14 = -q + 3*p. Suppose -6*o + q = -o. Let y(i) = 2 - 1 - 1 - 4*i + o. Calculate y(-1).
5
Let n(q) = -q. Let k(o) = o + 18. Suppose -13 = 150*d - 149*d. Let g be k(d). Calculate n(g).
-5
Let d(v) be the third derivative of v**4/24 + v**3/2 + 129*v**2. Let p = -23 - -31. What is d(p)?
11
Let g(b) = -2*b**3 + 3*b**2 + b + 3. Let l(n) = -n**3 + 2*n. Let q(s) = g(s) - 3*l(s). Calculate q(-4).
7
Let y(z) = 5*z**3 + z**2 - 5*z + 26. Let g(i) = -7*i**3 - 2*i**2 + 7*i - 26. Let f(l) = -2*g(l) - 3*y(l). Determine f(0).
-26
Let y be (-16)/7 - (-4)/14. Let f(k) = 2*k**2 + 2*k - 1. Let c(b) = b**3 - b**2 - b. Let g = 21 - 20. Let a(d) = g*c(d) + f(d). Calculate a(y).
-7
Let q(x) = x**2 + 3*x + 5. Let v be q(-2). Let k(h) be the third derivative of 7*h**2 - 1/4*h**4 + 0 + 2/3*h**3 + 0*h. Give k(v).
-14
Let g(f) be the first derivative of 5 + 1/2*f**2 + 2*f. Give g(-1).
1
Let b(p) = p + 8. Let s = -709 + 703. What is b(s)?
2
Let h(f) be the third derivative of -f**6/40 - f**5/60 + f**3/6 - 3*f**2. Let y(n) = 7 + 3*n + 10 - 2*n - 15. Let g be y(-3). Determine h(g).
3
Suppose 0*c = -3*c + 18. Let k be 0 + (1 - (-3 + c)). Let j(o) = -2*o**3 - o**2 - o + 2. Let z(q) = 1. Let i(h) = k*z(h) + j(h). Determine i(-1).
2
Let g(z) be the first derivative of z**3/3 + 3*z**2 - 10*z - 4. Calculate g(-7).
-3
Let t(r) = 8*r**3 - 4*r**2 + 5. Let s be (3*(-4)/(-18))/(4/24). Let v(p) = 8*p**3 - 3*p**2 + 4. Let j(k) = s*v(k) - 3*t(k). Give j(-1).
-7
Suppo